 is r(-1)?
8
Let u(b) = 5*b - 12. Give u(-7).
-47
Let v(i) = 2*i**3 + 2*i**2 - 4*i + 1. Determine v(-3).
-23
Let a(b) = b**3 - 5*b**2 + 2*b + 6. Give a(6).
54
Let u(k) = -31*k + 356. Give u(12).
-16
Let l(n) = n**3 + 6*n**2 + 5*n + 4. What is l(-4)?
16
Let g(m) = -m**2 - 9*m - 51. Give g(-10).
-61
Let p(r) = r**3 + 2*r**2 - 19*r + 7. What is p(-6)?
-23
Let g(i) = 2*i**2 + 14*i + 4. Determine g(-6).
-8
Let m(r) = 5*r - 10. Determine m(0).
-10
Let x(a) = a**2 + 29*a + 34. What is x(-28)?
6
Let t(l) = l**2 + 16*l - 80. Give t(4).
0
Let f(z) = -6*z**2 - 42*z + 43. Give f(1).
-5
Let b(u) = u**3 + 9*u**2 - u - 20. Calculate b(-6).
94
Let j(y) = y**2 + 8*y + 3. Calculate j(-11).
36
Let l(b) = 56*b + 3. Give l(2).
115
Let z(f) = -f**2 - 3. Give z(0).
-3
Let g(a) = -3*a**2 - 22*a - 3. Determine g(-7).
4
Let d(t) = 6*t - 22. Determine d(3).
-4
Let g(t) = t**3 - 8*t**2 + 9*t - 17. Calculate g(7).
-3
Let p(s) = 2*s**2 - 2*s + 15. Determine p(3).
27
Let v(d) = -d**2 - 50*d + 43. Determine v(-51).
-8
Let p(n) = n**3 - n**2 + 47. Give p(0).
47
Let h(d) = 3*d**2 - 5. Determine h(2).
7
Let f(w) = -w**3 - 8*w**2 + 6*w - 2. Calculate f(-9).
25
Let v(q) = -2*q**2 + 4*q + 1. Give v(3).
-5
Let n(j) = -j**2 - 5*j + 7. What is n(-7)?
-7
Let n(b) = -5*b - 13. Determine n(-3).
2
Let p(o) = -3*o**2 - 26*o - 4. Determine p(-6).
44
Let j(a) = a**3 - 9*a**2 + 5*a - 13. Calculate j(9).
32
Let p(n) = n**2 + 6*n - 2. What is p(-7)?
5
Let d(g) = 3*g**2 - 37*g - 39. Give d(-1).
1
Let v(z) = z**3 + 15*z**2 + 56*z - 2. What is v(-7)?
-2
Let n(c) = -c**2 + 13*c - 44. Calculate n(6).
-2
Let k(j) = -j**2 - 5*j - 7. Give k(-5).
-7
Let k(p) = -120*p - 234. What is k(-2)?
6
Let z(c) = -3*c**2 - 3*c - 3. Calculate z(-2).
-9
Let w(t) = 22*t**2 - 2*t + 4. Calculate w(2).
88
Let a(b) = -b - 5. Give a(-4).
-1
Let h(a) = -a**3 - 14*a**2 + 15*a + 5. Calculate h(-15).
5
Let v(x) = -x**3 + 41*x**2 - 6*x + 234. What is v(41)?
-12
Let o(y) = y**2 + 3*y - 10. Calculate o(7).
60
Let r(i) = i**2 - i - 6. Calculate r(-2).
0
Let l(s) = -s**3 + 4*s**2 - 3*s - 2. What is l(2)?
0
Let c(h) = -4*h**2 - 159*h + 38. Give c(-40).
-2
Let r(c) = -c - 4. Calculate r(-2).
-2
Let a(u) = -5*u - 1. Determine a(14).
-71
Let w(m) = -24*m**3. Determine w(1).
-24
Let i(w) = -4*w**2 + w + 13. Give i(0).
13
Let z(p) = -p**3 - 8*p**2 - 12*p - 5. Give z(-6).
-5
Let l(x) = 17*x - 3. Give l(2).
31
Let v(x) = -4*x + 3. Give v(8).
-29
Let d(m) = -m + 6. Give d(0).
6
Let q(v) = -2*v - 20. Determine q(0).
-20
Let c(g) = -18*g + 20. Calculate c(7).
-106
Let q(z) = z**2 + 8*z + 9. Give q(-6).
-3
Let w(b) = b**2 - 23*b + 114. Determine w(8).
-6
Let i(d) = d**2 - 5*d - 54. Determine i(10).
-4
Let w(o) = -o - 131. Determine w(-30).
-101
Let x(b) = b**3 - 7*b**2 + 10*b - 11. Calculate x(6).
13
Let k(t) = t - 58. Give k(19).
-39
Let p(t) = -t + 7. What is p(-10)?
17
Let h(p) = -29*p - 73. Give h(-2).
-15
Let t(m) = 5*m + 31. What is t(-4)?
11
Let u(f) = f**3 - 7*f**2 - 6*f + 10. Calculate u(7).
-32
Let q(i) = -i**3 + 13*i**2 - 37*i - 17. Calculate q(7).
18
Let r(w) = -w**3 + 21*w**2 + 3*w - 58. Give r(21).
5
Let r(j) = j**3 - 2*j**2 - 2*j - 4. Give r(3).
-1
Let r(c) = 2*c**2 + 8*c + 12. Calculate r(-6).
36
Let c(g) = g**2 + 50*g - 815. Give c(-63).
4
Let g(a) = -a**2 + 6*a + 5. Calculate g(6).
5
Let o(a) = -a**2 - 7*a - 3. What is o(-3)?
9
Let z(y) = -3*y + 5. Determine z(4).
-7
Let n(a) = -2*a + 13. Give n(8).
-3
Let v(q) = -q**3 + 7*q - 8. Determine v(-4).
28
Let q(d) = -9*d**2 + 3*d - 2. Calculate q(1).
-8
Let i(y) = 53*y**3 + 2*y**2 + 2*y + 1. Calculate i(-1).
-52
Let k(v) = v**3 - 11*v**2 + 16*v. Give k(8).
-64
Let o(d) = d**3 + 17*d**2 + 51*d - 18. Determine o(-13).
-5
Let c(d) = -d**3 + 5*d**2 - 8*d + 17. Calculate c(4).
1
Let v(d) = -d**2 - 5. Give v(2).
-9
Let b(c) = -c + 1. Determine b(0).
1
Let x(y) = -35*y**2. Calculate x(1).
-35
Let j(d) = d + 1. Give j(1).
2
Let f(n) = -3*n**2 - 39*n - 71. Determine f(-11).
-5
Let g(j) = 5*j**2 - 86*j + 22. Calculate g(17).
5
Let s(w) = -18*w + 804. What is s(45)?
-6
Let j(f) = 2*f**3 + 59*f**2 - 36*f - 186. Determine j(-30).
-6
Let y(q) = 8*q + 33. Determine y(4).
65
Let z(f) = -3*f**3 - f**2 + 2. Determine z(-1).
4
Let g(y) = -y**3 + 2*y**2 - y + 7. What is g(3)?
-5
Let y(q) = -q**2 - 26*q - 59. Calculate y(-23).
10
Let z(s) = -s**2 - 34*s - 113. Give z(-30).
7
Let f(b) = -b**3 + 43*b**2 - 41*b - 48. Calculate f(42).
-6
Let x(o) = -10*o**2 + o + 4. Calculate x(-1).
-7
Let b(g) = -g**3 + 18*g**2 - 17*g + 11. What is b(17)?
11
Let v(k) = 4*k - 13. Calculate v(12).
35
Let s(y) = -y**3 + 7*y**2 - y + 3. What is s(7)?
-4
Let q(o) = 5*o - 12. Give q(3).
3
Let u(b) = b**2 - 10*b + 10. Calculate u(10).
10
Let f(k) = 20*k - 179. Give f(9).
1
Let z(f) = -2*f - 5. Determine z(6).
-17
Let v(m) = m**3 + 6*m**2 + 10*m + 2. Determine v(-4).
-6
Let j(a) = 2*a**3 - 59*a**2 - 30*a + 35. Determine j(30).
35
Let k(d) = -d**3 - 4*d**2 - d + 6. Determine k(-4).
10
Let x(r) = -28*r + 51. Calculate x(1).
23
Let j(u) = -3*u**2 - 22*u - 13. What is j(-7)?
-6
Let c(o) = 6*o**2 - o - 2. Give c(-2).
24
Let n(x) = x**2 - 20*x + 36. Determine n(18).
0
Let n(w) = -8*w + 1. What is n(6)?
-47
Let m(r) = 8*r + 4. What is m(-9)?
-68
Let o(h) = -11*h + 4. Calculate o(-1).
15
Let u(a) = a**2 + a + 9. Calculate u(0).
9
Let b(l) = -l**3 - 9*l**2 + 13*l - 8. What is b(-10)?
-38
Let v(x) = 2*x + 6. Calculate v(2).
10
Let a(x) = 8*x**3 + 2*x**2 - 2*x - 1. Give a(1).
7
Let t(k) = -5*k - 15. What is t(5)?
-40
Let h(a) = -a**3 + a**2 - 3*a + 2. Calculate h(1).
-1
Let i(p) = -10*p + 506. Calculate i(50).
6
Let t(s) = s**3 - 4*s**2 + 8*s - 11. Calculate t(5).
54
Let z(y) = -2*y**2 - 16*y - 10. What is z(-7)?
4
Let l(y) = y**3 + 5*y**2 - 4*y - 21. Calculate l(-5).
-1
Let p(b) = b**2 + 11*b + 5. What is p(-11)?
5
Let v(g) = 3*g**2 + g + 1. Give v(-1).
3
Let r(k) = -k**3 + 5*k**2 + 2*k + 8. Calculate r(5).
18
Let v(k) = k**2 + 20*k - 147. Give v(6).
9
Let o(j) = -39*j - 16. Give o(4).
-172
Let b(f) = 9*f + 18. Determine b(-4).
-18
Let k(q) = -3*q - 5. Calculate k(0).
-5
Let m(f) = -f**3 + 8*f**2 - 5*f. Give m(7).
14
Let y(s) = s**2 + 13*s - 41. What is y(-16)?
7
Let w(l) = -3*l + 20. Calculate w(14).
-22
Let d(r) = -r**3 - 13*r**2 + 15*r. Determine d(-14).
-14
Let l(z) = 7*z + 6. What is l(-10)?
-64
Let b(d) = 14*d - 7. What is b(2)?
21
Let b(v) = -v**2 + v + 6. Give b(0).
6
Let l(d) = -68*d - 6. Give l(-1).
62
Let q(m) = m**2 - 19*m - 9. Give q(21).
33
Let k(l) = -l**3 - 10*l**2 - 13*l - 25. Calculate k(-9).
11
Let d(s) = 22*s**3 + s**2 - 3*s + 1. Calculate d(1).
21
Let t(a) = 4*a - 58. Give t(20).
22
Let x(d) = -d**3 - 17*d**2 + 4*d + 1. What is x(-17)?
-67
Let l(g) = -9*g**2 + 51*g + 14. Give l(6).
-4
Let n(p) = -3*p - 92. Give n(-32).
4
Let g(t) = 20*t - 8. Determine g(2).
32
Let m(i) = -i**2 - 8*i + 14. Calculate m(-8).
14
Let b(a) = a**2 + 3*a - 15. Calculate b(-6).
3
Let m(h) = 7*h + 10. Determine m(-3).
-11
Let r(x) = -x**3 + 6*x**2 - 6*x + 43. Give r(6).
7
Let c(l) = -l**2 - 11*l - 31. What is c(-8)?
-7
Let k(a) = -a**2 + 4*a + 3. Give k(5).
-2
Let d(g) = -g**2 - 12*g - 21. What is d(-16)?
-85
Let l(v) = 2*v**2 + 4*v + 2. What is l(-2)?
2
Let z(a) = a**3 - 5*a**2 - 4*a - 1. Give z(3).
-31
Let y(g) = -43*g**2 + 10*g - 9. What is y(1)?
-42
Let z(g) = -g**3 - 8*g**2 - 4*g + 39. What is z(-6)?
-9
Let v(l) = -3*l - 4. Determine v(-3).
5
Let s(k) = 2*k**2 - 4*k - 11. Calculate s(5).
19
Let g(p) = -p**2 - 6*p - 5. Give g(-3).
4
Let y(p) = -4*p - 54. What is y(-13)?
-2
Let c(r) = -16*r**2. What is c(1)?
-16
Let n(m) = -m**3 + 8*m**2 + 11*m - 9. Give n(9).
9
Let k(c) = 4*c + 19. Give k(-12).
-29
Let z(o) = -o**2 - 15*o + 23. Calculate z(-16).
7
Let t(y) = -y**2 + 26*y - 97. What is t(22)?
-9
Let x(m) = m**3 - 17*m**2 + 14*m + 8. Determine x(16).
-24
Let b(j) = j**2 + 12*j - 23. Give b(-14).
5
Let l(x) = x - 17. What is l(22)?
5
Let j(q) = -2*q**2 - 15*q - 27. Determine j(-5).
-2
Let s(h) = -h**2 - h + 9. What is s(-5)?
-11
Let h(b) = -2*b**3 + 7*b**2 + 6*b - 6. Give h(4).
2
Let t(l) = l**3 + 22*l**2 + 57*l - 8. Determine t(-19).
-8
Let u(w) = 69*w - 416. Determine u(6).
-2
Let b(n) = -n**3 - n**2 + 6*n + 6. Give b(-3).
6
Let z(d) = -11*d**2 - 8*d - 5. Determine z(-1).
-8
Let y(f) = 4*f + 16. Give y(-4).
0
Let m(s) = -4*s - 24. What 